 2*f**2 + 2*f + 2. Give h(2).
86
Let d(l) = l + 31. Give d(-13).
18
Let m(q) = q**3 - 8*q**2 - 9*q - 1. Calculate m(9).
-1
Let m(l) = 4*l - 17. Give m(13).
35
Let t(k) = 6*k - 4. Determine t(-2).
-16
Let w(q) = 47*q + 181. Calculate w(-4).
-7
Let d(t) = t**3 - 7*t**2 - 19*t + 9. What is d(9)?
0
Let z(q) = -8*q + 4. Calculate z(1).
-4
Let l(b) = b**3 - 7*b**2 - 8*b + 1. Determine l(8).
1
Let g(x) = -3*x**2 - 60. What is g(0)?
-60
Let n(y) = -y + 18. What is n(-11)?
29
Let r(i) = -20*i**3 + i**2 + 2*i + 1. Determine r(-1).
20
Let h(x) = x**3 + 2*x + 4. Calculate h(3).
37
Let h(o) = -3*o - 24. What is h(-14)?
18
Let o(k) = 2*k - 3. Give o(2).
1
Let q(w) = -w - 19. Calculate q(-4).
-15
Let t(v) = -v**2 - 8*v + 18. Determine t(-12).
-30
Let j(w) = w**3 - 5*w**2 - 2*w - 1. Give j(5).
-11
Let v(k) = -k**3 + 5*k**2 - k + 3. Calculate v(4).
15
Let h(o) = -o**2 - 37*o + 257. What is h(6)?
-1
Let h(x) = x**3 + 6*x**2 + 9*x + 9. Calculate h(-5).
-11
Let v(g) = -g**2 - 37*g - 148. Determine v(-33).
-16
Let g(r) = r**2 - 18*r + 84. Calculate g(5).
19
Let d(m) = m**3 - m - 9. Give d(0).
-9
Let f(k) = 26*k + 65. What is f(-4)?
-39
Let v(j) = 4*j + 12. Give v(12).
60
Let x(u) = 81*u - 641. Give x(8).
7
Let t(c) = c**3 - 2*c**2 - 6*c + 16. Give t(3).
7
Let f(d) = -5*d + 7. What is f(10)?
-43
Let h(f) = 16*f + 2. Determine h(2).
34
Let m(o) = 9*o**3 + o**2 - 5*o + 3. Calculate m(1).
8
Let j(n) = 2*n - 4. Give j(12).
20
Let n(s) = -s**3 - 11*s**2 - 29*s - 22. Give n(-7).
-15
Let y(r) = -7*r**2 + 2*r. What is y(2)?
-24
Let h(q) = q**3 + 6*q**2 + q + 4. Calculate h(-6).
-2
Let m(l) = -8*l - 115. Determine m(-12).
-19
Let y(c) = 48*c + 53. Determine y(-1).
5
Let w(b) = -b**3 - 9*b**2 - 7*b - 14. Determine w(-6).
-80
Let b(f) = 3*f**2 + 5*f + 5. Calculate b(-4).
33
Let x(l) = l**3 + 17*l**2 + 2*l + 21. Determine x(-17).
-13
Let z(y) = -y**3 - 3*y**2 + y + 6. What is z(0)?
6
Let y(b) = b**3 - 2*b**2 - 6*b - 1. Determine y(5).
44
Let i(g) = 6*g**2 + g + 2. Calculate i(-4).
94
Let i(l) = 91*l - 734. Determine i(8).
-6
Let p(f) = -36*f**2 - 1. Calculate p(1).
-37
Let l(h) = -23*h + 217. Determine l(11).
-36
Let p(n) = n**2 - 17*n + 2. Determine p(16).
-14
Let h(g) = -2*g**2 - 48*g - 245. Give h(-7).
-7
Let z(s) = -s**3 - 17*s**2 - 63*s - 21. Give z(-5).
-6
Let c(x) = -x**3 - 12*x**2 + 12*x + 18. What is c(-13)?
31
Let i(w) = -w**3 + 4*w**2 + 9*w - 30. What is i(5)?
-10
Let x(u) = 2*u - 21. Give x(-5).
-31
Let g(y) = -51*y**3 + 2*y**2 + 5*y - 7. Calculate g(1).
-51
Let p(x) = 67*x - 3. Give p(-1).
-70
Let g(m) = 10*m - 129. Calculate g(13).
1
Let l(t) = -t**3 + 36*t**2 - 69*t + 43. What is l(34)?
9
Let k(z) = -z**3 - 9*z**2 - 11*z - 23. Give k(-8).
1
Let c(l) = -2*l**3 + 8*l**2 - 8*l - 2. Determine c(4).
-34
Let y(x) = 2*x**2 - 55*x - 11. Calculate y(28).
17
Let w(u) = -u**3 - 16*u**2 + 18*u + 36. Determine w(-17).
19
Let t(f) = f**2 + 10*f + 3. What is t(-11)?
14
Let y(b) = b - 73. What is y(47)?
-26
Let h(w) = w - 31. Determine h(32).
1
Let o(t) = t**3 + 7*t**2 - 3*t - 16. What is o(-7)?
5
Let g(l) = -l**2 - 24*l - 76. What is g(-20)?
4
Let y(q) = -3*q + 7. Give y(-2).
13
Let g(v) = v**2 + 5*v + 4. Calculate g(-6).
10
Let s(m) = -m**3 - 16*m**2 - 2*m - 24. Determine s(-16).
8
Let f(g) = 5*g - 135. What is f(26)?
-5
Let b(f) = -3*f - 7. Determine b(-3).
2
Let n(m) = 4*m - 12. What is n(0)?
-12
Let m(k) = -k**3 + 8*k**2 - 9*k + 11. Determine m(7).
-3
Let i(r) = -r**2 - 13*r - 33. What is i(-10)?
-3
Let b(j) = -j**3 + 5*j**2 + 13*j. What is b(7)?
-7
Let s(v) = v**2 - 19*v + 3. What is s(11)?
-85
Let y(a) = a**3 + 15*a**2 - 2*a - 11. Give y(-15).
19
Let x(k) = 2*k**3 - 11*k**2 - 7*k + 1. Determine x(6).
-5
Let s(g) = 7*g + 127. Calculate s(-17).
8
Let y(g) = 2*g - 21. Give y(9).
-3
Let x(z) = -2*z**2 + z. What is x(2)?
-6
Let c(a) = a**3 - a**2 - 39*a - 1. Calculate c(0).
-1
Let j(y) = y**3 + 22*y**2 + 24*y + 55. What is j(-21)?
-8
Let y(l) = 2*l**2 - 18*l + 7. Give y(0).
7
Let b(z) = -2*z**3 + 16*z**2 - 15*z - 12. Calculate b(7).
-19
Let z(r) = r**3 + 3*r**2 + 3. Calculate z(-3).
3
Let w(m) = 4*m**2 + 86*m + 50. Calculate w(-21).
8
Let m(h) = 10*h - 40. Calculate m(5).
10
Let w(o) = o**2 + 11*o - 8. Calculate w(-11).
-8
Let q(r) = -r - 1. Calculate q(8).
-9
Let p(h) = -17*h + 442. Calculate p(26).
0
Let c(g) = -g**2 + 5*g - 8. Determine c(6).
-14
Let m(h) = -4*h - 4. Determine m(2).
-12
Let a(o) = o**2 + 9*o - 35. Give a(-12).
1
Let r(i) = i**2 + 4*i - 11. Determine r(-9).
34
Let s(c) = -2*c + 26. Give s(9).
8
Let y(n) = 3*n + 22. Calculate y(-5).
7
Let d(x) = -2*x**2 + 2*x + 7. What is d(3)?
-5
Let l(m) = 3*m + 1. Determine l(-7).
-20
Let w(z) = 8*z**2 - 2*z. Determine w(-1).
10
Let y(b) = -30*b + 898. Give y(30).
-2
Let w(g) = g**3 - 14*g**2 - 15*g - 1. What is w(15)?
-1
Let t(k) = 7*k - 2. Determine t(6).
40
Let v(p) = -p**2 - 16*p - 22. Calculate v(-13).
17
Let o(a) = a**2 - 7*a - 22. Give o(9).
-4
Let i(g) = 7*g**2 - 98*g - 5. Give i(14).
-5
Let j(q) = q**3 + 3*q**2 - 2*q - 2. Calculate j(2).
14
Let j(r) = -r**3 + 3*r**2 + 4*r + 6. What is j(4)?
6
Let q(r) = -2*r**3 - 3*r**2 - 2. Give q(-3).
25
Let n(l) = -3*l - 3. Calculate n(-7).
18
Let x(s) = 2*s + 18. Calculate x(-10).
-2
Let k(c) = -6*c - 18. Determine k(-6).
18
Let o(q) = -q**2 - 7*q + 9. Calculate o(-9).
-9
Let r(m) = -m**3 + m**2 + 5*m. Calculate r(3).
-3
Let x(i) = i**2 + 4*i + 2. What is x(-5)?
7
Let l(v) = 3*v + 6. What is l(-8)?
-18
Let z(w) = -w**3 + 8*w**2 + 12*w - 7. Give z(9).
20
Let i(b) = 2*b**3 - 13*b**2 - 20*b + 1. Calculate i(8).
33
Let h(x) = 7*x**3 - 2*x + 1. Give h(1).
6
Let t(a) = 3*a - 7. What is t(10)?
23
Let k(r) = -r**2 - 7*r - 16. What is k(-3)?
-4
Let i(h) = -3*h + 59. Determine i(20).
-1
Let c(n) = 13*n - 73. What is c(7)?
18
Let w(o) = -o**2 - 9*o - 55. Calculate w(-8).
-47
Let v(h) = 28*h - 10. Calculate v(2).
46
Let w(f) = f**3 - 5*f**2 - 5*f - 18. Calculate w(6).
-12
Let k(c) = -c**3 + 5*c**2 - 6*c + 13. Determine k(5).
-17
Let m(a) = 2*a**2 - 2*a - 6. Give m(-5).
54
Let t(q) = q**3 + 10*q**2 + 9*q - 2. Determine t(-8).
54
Let d(g) = -g + 9. Give d(6).
3
Let h(u) = -2*u**2 + 9*u + 31. What is h(9)?
-50
Let p(f) = -4*f - 60. Give p(-15).
0
Let o(x) = -x**2 - 12*x + 5. Give o(-11).
16
Let v(m) = 4*m**2 - 5*m - 1. Calculate v(3).
20
Let p(a) = 2*a + 15. Calculate p(-5).
5
Let v(q) = -q**3 - 5*q**2 + 5*q + 4. Calculate v(3).
-53
Let h(w) = 6*w**2 + 97*w + 11. Give h(-16).
-5
Let r(l) = l**3 + 9*l**2 + 4*l + 45. What is r(-9)?
9
Let q(w) = w**3 + 7*w**2 - 30*w - 3. Give q(-10).
-3
Let v(s) = -4*s + 1. Give v(-3).
13
Let t(x) = 2*x + 111. Determine t(-30).
51
Let n(b) = 3*b**2 - 26*b + 125. What is n(6)?
77
Let n(r) = 3*r + 1. Give n(-3).
-8
Let y(p) = p**2 + 10*p + 6. Determine y(-10).
6
Let m(x) = -x + 1. Give m(0).
1
Let w(x) = -x**2 + 10*x + 9. What is w(10)?
9
Let q(c) = -3*c - 2. Calculate q(0).
-2
Let n(h) = -h - 34. What is n(-2)?
-32
Let w(q) = -2*q**2 - 38*q - 5. Determine w(-19).
-5
Let y(r) = -4*r. Calculate y(-1).
4
Let l(j) = 6*j - 13. Give l(-4).
-37
Let b(f) = -11*f**3 + f**2 - f - 1. Calculate b(-1).
12
Let c(z) = -z**3 - 7*z**2 - 5*z. Determine c(-6).
-6
Let h(v) = v**3 - 11*v**2 + 6*v + 13. Give h(10).
-27
Let d(v) = v**2 - 44*v - 129. What is d(-3)?
12
Let i(c) = -c**2 - 55*c + 367. Give i(6).
1
Let s(x) = -2*x**2 - 24*x - 27. Give s(-11).
-5
Let v(r) = -3*r**2 + 4*r - 6. Calculate v(3).
-21
Let x(p) = -7*p**3 + p**2 - 11*p - 13. What is x(-1)?
6
Let d(t) = -28*t + 3. Calculate d(0).
3
Let w(r) = 4*r**2 + 6*r + 6. Calculate w(-4).
46
Let t(f) = 17*f + 20. Determine t(-2).
-14
Let h(u) = 16*u - 160. What is h(11)?
16
Let g(h) = -16*h**3 - h**2 - h - 1. What is g(-1)?
15
Let k(a) = 2*a**3 - 18*a**2 - 34*a + 149. Give k(10).
9
Let c(m) = -m**2 + 8*m + 6. Calculate c(8).
6
Let n(v) = v**3 - 13*v**2 + 5. Calculate n(13).
5
Let d(h) = -2*h**2 - 2*h + 2. What is d(2)?
-10
Let p(t) = 2*t**2 + 4*t + 12. What is p(-2)?
12
Let z(d) = -39*d + 9. Calculate z(2).
-69
Let r(n) = -n**2 + 3*n - 3. What is r(4)?
-7
Let s(z) = z**2 + 11*z - 5. Give s(-9).
-23
Let l(q) = -3*q - 17. Determine l(-10).
13
Let t(z) = z**3 - 18*z**2 - 2*z + 36. What is t(18)?
0
Let w(p) = p**3 + 16*p**2 - 37*p - 26. Determine w(-18).
-8
Let y(c) = 28*c + 46. Determine y(-2).
-10
Let b(p) = p**3 - p - 1. D